 be the second derivative of 1/2*g**2 + 1/2*g**3 + 1/6*g**4 + 5*g + 0. What is u(-3)?
10
Let c(t) = -t. Let h(k) = -k**3 + k + 19. Let p be h(0). Suppose -5*r - p = -4. Calculate c(r).
3
Let i(g) = g**3 + g**2 - 10. Suppose 5*c = 8 + 2. Suppose c*r + 4 = -4, -z + 2*r = -8. Give i(z).
-10
Let q be -3 + 36/(5 - 1). Let n(d) = 0 - q*d + 0*d**2 + d**2 - 1 + 3. Calculate n(6).
2
Let b(k) = k**2 - 2*k - 1. Suppose 12 = 4*n - 5*h, 0*h - 3*h - 6 = -2*n. Suppose -7 + n = -x. What is b(x)?
7
Let q(o) = 2*o**2 - 11*o - 13. Let t(r) = r**2 - 6*r - 6. Let p(h) = -3*q(h) + 7*t(h). What is p(9)?
-3
Suppose 4*p = -y + 22, -y - 6*p + p + 26 = 0. Let a(k) = -k**3 + 5*k**2 + 3*k + 7. Determine a(y).
-11
Let u(j) = 9*j**2 - 17*j + 4. Let v = 11 + -4. Let d(h) be the third derivative of -h**5/12 + 3*h**4/8 - h**3/3 + 4*h**2. Let w(c) = v*d(c) + 4*u(c). Give w(2).
-4
Suppose 4*b + 0*b = 4*d - 12, -b - 12 = -4*d. Suppose d*j + 0*j = 15. Let p(a) be the second derivative of a**3/6 + a**2/2 - a. Give p(j).
6
Let m(f) = -4*f**2 - 7*f - 8. Let d(h) = h**2 - h + 1. Let u(r) = 3*d(r) + m(r). What is u(-4)?
19
Let a(v) be the second derivative of v**4/12 + 2*v**3/3 + v**2/2 + 20*v. Determine a(-3).
-2
Let u be (-2)/1 + -2 + 3. Let v be ((-4)/5)/((-4)/10). Let f(h) = h**2 + 5*h + 1 - 2*h - h - v*h**3. What is f(u)?
2
Let c(f) = f**2 + 3*f. Suppose 13*r + 6 = 11*r. Determine c(r).
0
Let s(v) be the first derivative of v**3/3 - v**2 + 4*v - 1. Let m be (4/(-6))/((-1)/3). Suppose -m*u + 1 = -5. Give s(u).
7
Let u(c) be the third derivative of -c**6/360 + c**5/120 + c**4/6 - 3*c**2. Let i(m) be the second derivative of u(m). What is i(6)?
-11
Let h(v) = -3*v**3 - 5*v**2 - 6*v + 5. Let w(z) = -10*z**3 - 14*z**2 - 17*z + 14. Let u(n) = -17*h(n) + 6*w(n). Calculate u(-1).
9
Let r(s) = s + 4. Let t be 3 + (3 - (9 + 2)). What is r(t)?
-1
Let r(o) = o**2 - 2 - 9*o**2 - 4*o - 4 + 3. Give r(-2).
-27
Suppose 0 = n - 2 + 1. Let l(d) be the first derivative of -n - 1/3*d**3 + 4*d - 3/2*d**2. Give l(-5).
-6
Let n(b) = b**2 + 7*b + 2. Let u(y) = -y**3 + 12*y**2 + y - 17. Let c be u(12). Let t be (c/(-2))/((-6)/12). What is n(t)?
-8
Let a(n) = -n**2 - 6*n + 5. Let x(d) = -d**3 - 8*d**2 + 9*d - 6. Let f be x(-9). Calculate a(f).
5
Let w(z) be the third derivative of -z**5/120 - z**4/6 - z**3/3 + 5*z**2. Let i(p) be the first derivative of w(p). What is i(-4)?
0
Let w(n) be the third derivative of n**7/840 + n**6/360 - n**4/12 + n**3/3 - n**2. Let q(p) be the first derivative of w(p). Give q(0).
-2
Let t(g) be the third derivative of -g**4/4 - g**3/2 + 25*g**2. Determine t(-2).
9
Suppose f - 6 - 3 = 2*p, -f - 5 = 5*p. Let m(x) be the second derivative of 1/2*x**2 + 0 + 2/3*x**3 - x. Determine m(p).
-7
Suppose -28 = -5*r + r. Suppose -7 = -r*p - 35. Let o(y) be the first derivative of y**3/3 + 3*y**2 + 2*y - 1. Give o(p).
-6
Let t(d) be the third derivative of d**4/24 + d**3/2 - 30*d**2. Calculate t(4).
7
Let j(z) = -2*z**3 - 5*z**2 - 9*z - 2. Let o(g) = 9*g**2 + 3 - 4*g**3 + 12*g + 5*g + 7*g**3. Let r(h) = -5*j(h) - 3*o(h). Calculate r(4).
9
Let s = -7 - -3. Let t be (-14)/(-3) + s/(-12). Let n(p) = -p**2 + 7*p - 6. Calculate n(t).
4
Let q be (-102)/(-30) - 6/(-10). Suppose 5*g = -q*c, 4*g - 1 = -4*c + c. Let f(t) = -t**3 + 3*t**2 + 3*t + 5. What is f(g)?
1
Suppose 2*g - 7*g - 15 = 0. Let q be (-1)/(-3) - 2/g. Let y(r) = 8*r**3 + r - 4*r**3 - 10*r**3 + r**2 - 3*r**2. Calculate y(q).
-7
Let g(w) be the first derivative of -w**4/4 + w**3 + 3*w**2/2 - 3*w + 1. Let a(p) = p**2 + 4*p - 7. Let x be a(-6). Let j be (-2 - -4) + x/5. What is g(j)?
6
Let a(m) be the third derivative of -m**6/60 + m**5/20 - m**3/6 - 5*m**2. Calculate a(2).
-5
Let w(z) = -z**3 - 2*z**2 + 2*z - 1. Suppose 5*k = -5*u - 30, -4*u + 3*k - 15 = 4*k. Calculate w(u).
2
Suppose 3*k + 6 = 6*k. Let t(v) = -10*v - 1. Give t(k).
-21
Let r = 30 - 26. Let j(g) = 6*g**2 + 5. Let u(f) = -7*f**2 - f - 6. Let s(l) = -6*j(l) - 5*u(l). What is s(r)?
4
Suppose -3*i - y + 8 + 4 = 0, 0 = -2*y. Let t(c) = 0*c**2 - 3*c**2 + c**2 - i*c - 1 + c**3 + 3*c. Let x = 4 - 2. Calculate t(x).
-3
Let b(j) = 3*j**2 + 2*j - 3. Suppose -9 = -3*n + 2*x, 0 = -3*n - n - 4*x + 12. Determine b(n).
30
Let c(d) be the second derivative of d**5/20 + 3*d**4/4 + 4*d**3/3 + d. Calculate c(-8).
0
Let p = 8 + -5. Let x(b) = 5*b**3 - 2*b**3 + 0*b**p - 2*b**3 - 6*b**2 + b - 6. Give x(6).
0
Let o(u) = -u**2 - 7*u - 7. Let b = -77 + 118. Suppose -10 = 3*h + c - 43, 5*h = 3*c + b. Suppose -4*w = -w - 5*d + h, 22 = -4*w - 2*d. Calculate o(w).
3
Let g(h) = 4*h + 16. Let u be g(-3). Let a(f) = -f**3 + 4*f**2 + 3*f - 5. Give a(u).
7
Let a(z) be the third derivative of 0 - 1/120*z**5 - 2*z**2 + 1/6*z**3 + 1/4*z**4 + 0*z. Let y(t) be the first derivative of a(t). Determine y(0).
6
Let c(f) = -3*f**2 - 9*f + 1 + 8*f - f**3 + 0*f**2. Let o(k) = 2*k. Let l be o(-1). Determine c(l).
-1
Let b(u) = -54 - u**2 + 50 + 0*u - 6*u. Give b(-6).
-4
Let k(r) = r**2 + 4*r + 1. Let f(n) = n**2 + 12*n - 4. Let u be f(-12). Give k(u).
1
Let n(v) = v**3 - 5*v**2 - 8*v + 8. Let k be n(6). Let t(y) = y + 2. Let q be t(k). Let w(h) = -2*h**2 + h + 1. Calculate w(q).
-9
Let s(y) = -y**3 + 6*y**2 - 4*y + 2. Suppose -2*x + 7*x + 60 = -4*d, -2*x + d = 24. Let k = 17 + x. Determine s(k).
7
Let i(f) = -8*f**2 + f. Let u(r) = r**2 + 8*r + 9. Let m = -19 + 12. Let g be u(m). Suppose o = -3*v - g - 1, -v - 4*o - 1 = 0. Determine i(v).
-9
Suppose 4*p - 6*p = 0. Suppose p = -3*s - 6 - 3. Let y(m) = m**2 - 31*m - 26. Let n(h) = 6*h + 5. Let d(l) = 11*n(l) + 2*y(l). Give d(s).
9
Let g(i) = i**3 - 5*i**2 + 5*i - 1. Let f(r) = -r**3 + 5*r**2 - 5*r + 2. Let m(c) = 3*f(c) + 2*g(c). What is m(4)?
0
Let w(t) = t**2 - 5. Suppose -6 = -0*l + 3*l, -2*z - l + 6 = 0. What is w(z)?
11
Suppose 0*w - 3*w + 12 = 0. Suppose r + w = -2*d, 2*d + 0*d - 3*r = -12. Let x(y) = y**3 + 2*y**2 - 2*y - 1. Give x(d).
-4
Let x be 6/(-5)*(1 - -4). Let l(c) be the third derivative of -c**5/60 - c**4/6 + c**3/6 + 23*c**2. Determine l(x).
-11
Suppose r = 3*r. Suppose y = r, -5*b + 0*y - 5*y = -10. Let g(u) be the second derivative of u**4/12 + u**3/6 - u**2/2 - 61*u. Give g(b).
5
Let w be 10/60 - (-3)/(-18). Let f(u) be the third derivative of 0*u + w + 0*u**3 + 1/8*u**4 + 3*u**2. Give f(1).
3
Let t(n) = 2*n + 9. Let b(j) = j + 4. Let l(k) = -11*b(k) + 6*t(k). Determine l(-7).
3
Let g = 5 - 7. Let k(i) = 2*i**2 + 7*i + 8. Let m(r) = 2*r**2 + 8*r + 9. Let w(b) = 6*k(b) - 5*m(b). Calculate w(g).
7
Let s(p) be the second derivative of 0 + 1/20*p**5 + 0*p**2 + 5/6*p**3 - 8*p + 5/12*p**4. Determine s(-4).
-4
Let v(u) = -7*u**2 - u - 1. Suppose 5 = -h - 2*w, -h - 5*w = h + 12. Calculate v(h).
-7
Suppose n = -n + 20. Let p be (24/(-20))/(3/n). Let i(s) = 2*s + 3. Determine i(p).
-5
Let q(t) = 2*t + 3. Suppose 44 - 32 = -4*w. Determine q(w).
-3
Let v(d) = 3*d**2. Let q(z) = -z**3 - z**2 + 1. Let g be q(1). What is v(g)?
3
Let c(n) = -3*n + 7 + 7*n - n**2 - 3. Calculate c(6).
-8
Suppose -4*b = -g - 56 - 11, -5*g - 80 = -5*b. Let o(z) = -12*z - z**2 + 0*z**2 + 6 + b*z. Suppose 3*w = -1 + 19. Calculate o(w).
0
Let t be (18/24)/(-3 + 39/12). Let l(a) be the first derivative of 3*a - 1/3*a**t - a**2 + 3. What is l(-4)?
-5
Let r be (-4)/6*66/(-22). Let d(w) be the second derivative of -r*w + 3/20*w**5 - 1/12*w**4 + 0 + 1/6*w**3 + 1/2*w**2. Give d(-1).
-4
Suppose -5*s = -2*b - 19, -s + 2*b = 7*b + 7. Suppose 2*k + k + 14 = 4*l, -3*l = -s*k - 9. Let i(p) = 2*p - 1. Calculate i(k).
3
Suppose j + 5*s - 1 = 0, 4*j + 26 = s + 9. Let z(w) = w**2 + w - 5. Give z(j).
7
Let c(s) = -5*s**2 - 8*s + 1. Let r = 5 + -1. Let g(j) = 0*j**2 - 3 + 2 - j + 0 - j**2. Let l(a) = r*g(a) - c(a). Give l(-4).
-5
Let c = -31 - -24. Let j(s) = -s**2 - 6*s - 7. Calculate j(c).
-14
Let p(n) = -2*n**2 - 3*n + 4. Let b be p(-3). Let q(o) = 6*o + 14. Let w(y) = -4*y - 9. Let x(l) = b*q(l) - 8*w(l). What is x(4)?
10
Let l(x) be the third derivative of -x**4/24 + x**3/6 - 3*x**2. What is l(4)?
-3
Let i(f) = 3 - 5*f - 3 + f**2 + 0*f. Let v be i(6). Let n(z) = z - 7. What is n(v)?
-1
Let a be 2/(-7) - (-64)/28. Let x(d) = 7 + 2 - 10 + d - a*d. Calculate x(-7).
6
Let u(i) = -i**3 - 6*i**2 + 6*i - 10. Let b be (-15 - -1)/((-4)/(-2)). Let w be u(b). Let g(z) = 3*z - 2*z + 4 + 2*z. Calculate g(w).
-